{"id":580,"date":"2021-08-16T15:34:28","date_gmt":"2021-08-16T06:34:28","guid":{"rendered":"https:\/\/haruka-yoshida.com\/?page_id=580"},"modified":"2023-08-19T16:38:36","modified_gmt":"2023-08-19T07:38:36","slug":"%e3%81%b5%e3%81%9f%e3%81%9f%e3%81%b3%e3%80%81%e3%81%82%e3%81%9f%e3%82%89%e3%81%97%e3%81%84%e6%9c%9d%e3%82%92%e7%94%9f%e3%81%8d%e3%82%8b%e3%81%93%e3%81%a8%e3%81%ab%e3%81%a4%e3%81%84%e3%81%a6","status":"publish","type":"page","link":"https:\/\/haruka-yoshida.com\/?page_id=580","title":{"rendered":"\u3075\u305f\u305f\u3073\u3001\u3042\u305f\u3089\u3057\u3044\u671d\u3092\u751f\u304d\u308b\u3053\u3068\u306b\u3064\u3044\u3066"},"content":{"rendered":"\n<p class=\"has-medium-font-size\">\u3075\u305f\u305f\u3073\u3001\u3042\u305f\u3089\u3057\u3044\u671d\u3092\u751f\u304d\u308b\u3053\u3068\u306b\u3064\u3044\u3066<\/p>\n\n\n\n<figure class=\"wp-block-image size-large is-resized is-style-default\"><img loading=\"lazy\" decoding=\"async\" src=\"https:\/\/haruka-yoshida.com\/wp-content\/uploads\/2021\/08\/IMG_1958-1-1024x768.jpeg\" alt=\"\" class=\"wp-image-272\" width=\"880\" height=\"660\" srcset=\"https:\/\/haruka-yoshida.com\/wp-content\/uploads\/2021\/08\/IMG_1958-1-1024x768.jpeg 1024w, https:\/\/haruka-yoshida.com\/wp-content\/uploads\/2021\/08\/IMG_1958-1-300x225.jpeg 300w, https:\/\/haruka-yoshida.com\/wp-content\/uploads\/2021\/08\/IMG_1958-1-768x576.jpeg 768w, https:\/\/haruka-yoshida.com\/wp-content\/uploads\/2021\/08\/IMG_1958-1-1536x1152.jpeg 1536w, https:\/\/haruka-yoshida.com\/wp-content\/uploads\/2021\/08\/IMG_1958-1-2048x1536.jpeg 2048w\" sizes=\"auto, (max-width: 880px) 100vw, 880px\" \/><\/figure>\n\n\n\n<p><\/p>\n\n\n\n<p><\/p>\n\n\n\n<p class=\"has-text-align-left\" style=\"font-size:clamp(14px, 0.875rem + ((1vw - 3.2px) * 0.208), 16px);\"><a href=\"\/?page_id=1573\">\u3000\u3000\u5e8f \uff5c\u3044\u3064\u304b\u306e\u3001\u9060\u304f\u306e\u671d\u306b\u5bc4\u305b\u3066<\/a><\/p>\n\n\n\n<p class=\"has-text-align-left\" style=\"font-size:clamp(14px, 0.875rem + ((1vw - 3.2px) * 0.208), 16px);\"><a href=\"https:\/\/haruka-yoshida.com\/?page_id=528\" data-type=\"page\">\u7b2c\u4e00\u591c \uff5c<meta charset=\"utf-8\">\u305d\u308c\u304b\u3089\u98a8\u306e\u306a\u304b\u306b\u82bd\u5439\u304f\u3068\u3044\u3046\u795d\u798f\u306e\u5146\u3057<\/a><\/p>\n\n\n\n<p class=\"has-text-align-left\" style=\"font-size:clamp(14px, 0.875rem + ((1vw - 3.2px) * 0.208), 16px);\"><a href=\"https:\/\/haruka-yoshida.com\/?page_id=1193\" data-type=\"URL\" data-id=\"https:\/\/haruka-yoshida.com\/?page_id=1193\">\u7b2c\u4e8c\u591c \uff5c\u304f\u3055\u3070\u306a\u306f\u304f\u3055\u306f\u3089\u3078\u96f6\u308c\u3066\u308f\u3089\u3046\u3001<\/a><\/p>\n\n\n\n<p class=\"has-text-align-left\" style=\"font-size:clamp(14px, 0.875rem + ((1vw - 3.2px) * 0.208), 16px);\"><a href=\"?page_id=1226\" data-type=\"URL\" data-id=\"?page_id=1226\">\u7b2c\u4e09\u591c \uff5c\u4e0d\u6ec5\u306e\u708e\u306b\u3064\u3044\u3066<\/a><\/p>\n\n\n\n<p class=\"has-text-align-left\" style=\"font-size:clamp(14px, 0.875rem + ((1vw - 3.2px) * 0.208), 16px);\"><a href=\"https:\/\/haruka-yoshida.com\/?page_id=1230\" data-type=\"page\">\u7b2c\u56db\u591c \uff5c\u307e\u3060\u3001\u540d\u3092\u3082\u305f\u306c\u7269\u8a9e\u304c\u3072\u304b\u3063\u3066\u3001<\/a><\/p>\n\n\n\n<p class=\"has-text-align-left\" style=\"font-size:clamp(14px, 0.875rem + ((1vw - 3.2px) * 0.208), 16px);\"><a href=\"https:\/\/haruka-yoshida.com\/?page_id=1232\">\u7b2c\u4e94\u591c \uff5c\u83dc\u306e\u82b1\u306e\u3088\u3046\u306a\u611f\u60c5\u306b\u3064\u3044\u3066<\/a><\/p>\n\n\n\n<p class=\"has-text-align-left\" style=\"font-size:clamp(14px, 0.875rem + ((1vw - 3.2px) * 0.208), 16px);\"><a href=\"https:\/\/haruka-yoshida.com\/?page_id=1234\">\u7b2c\u516d\u591c \uff5c\u6700\u679c\u3066\u306e\u5922\u306f\u771f\u663c\u306b\u3084\u3063\u3066\u304f\u308b<\/a><\/p>\n\n\n\n<p class=\"has-text-align-left\" style=\"font-size:clamp(14px, 0.875rem + ((1vw - 3.2px) * 0.208), 16px);\"><a href=\"https:\/\/haruka-yoshida.com\/?page_id=1237\">\u7b2c\u4e03\u591c \uff5c\u3046\u3064\u304f\u3057\u3044\u3001\u8eab\u4f53\u3068\u306e\u65c5\u8def<\/a><\/p>\n\n\n\n<p class=\"has-text-align-left\" style=\"font-size:clamp(14px, 0.875rem + ((1vw - 3.2px) * 0.208), 16px);\"><a href=\"https:\/\/haruka-yoshida.com\/?page_id=1239\">\u7b2c\u516b\u591c \uff5cVoc\u00ea \u00e9 o que voc\u00ea come<\/a><\/p>\n\n\n\n<p class=\"has-text-align-left\" style=\"font-size:clamp(14px, 0.875rem + ((1vw - 3.2px) * 0.208), 16px);\"><a href=\"https:\/\/haruka-yoshida.com\/?page_id=1241\">\u7b2c\u4e5d\u591c \uff5c\u3075\u305f\u305f\u3073\u3001\u3042\u305f\u3089\u3057\u3044\u671d\u3092\u751f\u304d\u308b\u3053\u3068\u306b\u3064\u3044\u3066<\/a><\/p>\n\n\n\n<p><a href=\"\/?page_id=543\">\u3000\u3000\u3000 \uff5c\u3082\u3046\u308a\u3072\u3068\u307f\u3055\u3093\u304b\u3089\u306e\u624b\u7d19<\/a><\/p>\n\n\n\n<div class=\"wp-block-columns is-layout-flex wp-container-core-columns-is-layout-28f84493 wp-block-columns-is-layout-flex\">\n<div class=\"wp-block-column is-layout-flow wp-block-column-is-layout-flow\"><\/div>\n<\/div>\n\n\n\n<div style=\"height:100px\" aria-hidden=\"true\" class=\"wp-block-spacer\"><\/div>\n\n\n\n<p class=\"has-text-align-center has-small-font-size\"><a href=\"\/?page_id=239\">\u623b\u308b<\/a><\/p>\n","protected":false},"excerpt":{"rendered":"<p>\u3075\u305f\u305f\u3073\u3001\u3042\u305f\u3089\u3057\u3044\u671d\u3092\u751f\u304d\u308b\u3053\u3068\u306b\u3064\u3044\u3066 \u3000\u3000\u5e8f \uff5c\u3044\u3064\u304b\u306e\u3001\u9060\u304f\u306e\u671d\u306b\u5bc4\u305b\u3066 \u7b2c\u4e00\u591c \uff5c\u305d\u308c\u304b\u3089\u98a8\u306e\u306a\u304b\u306b\u82bd\u5439\u304f\u3068\u3044\u3046\u795d\u798f\u306e\u5146\u3057 \u7b2c\u4e8c\u591c \uff5c\u304f\u3055\u3070\u306a\u306f\u304f\u3055\u306f\u3089\u3078\u96f6\u308c\u3066\u308f\u3089\u3046\u3001 \u7b2c\u4e09\u591c \uff5c\u4e0d\u6ec5\u306e\u708e\u306b\u3064\u3044\u3066 \u7b2c\u56db\u591c \uff5c\u307e &hellip; <\/p>\n<p class=\"link-more\"><a href=\"https:\/\/haruka-yoshida.com\/?page_id=580\" class=\"more-link\">\u7d9a\u304d\u3092\u8aad\u3080<span class=\"screen-reader-text\"> &#8220;\u3075\u305f\u305f\u3073\u3001\u3042\u305f\u3089\u3057\u3044\u671d\u3092\u751f\u304d\u308b\u3053\u3068\u306b\u3064\u3044\u3066&#8221;<\/span><\/a><\/p>\n","protected":false},"author":1,"featured_media":0,"parent":0,"menu_order":0,"comment_status":"closed","ping_status":"closed","template":"","meta":{"footnotes":""},"class_list":["post-580","page","type-page","status-publish","hentry"],"_links":{"self":[{"href":"https:\/\/haruka-yoshida.com\/index.php?rest_route=\/wp\/v2\/pages\/580","targetHints":{"allow":["GET"]}}],"collection":[{"href":"https:\/\/haruka-yoshida.com\/index.php?rest_route=\/wp\/v2\/pages"}],"about":[{"href":"https:\/\/haruka-yoshida.com\/index.php?rest_route=\/wp\/v2\/types\/page"}],"author":[{"embeddable":true,"href":"https:\/\/haruka-yoshida.com\/index.php?rest_route=\/wp\/v2\/users\/1"}],"replies":[{"embeddable":true,"href":"https:\/\/haruka-yoshida.com\/index.php?rest_route=%2Fwp%2Fv2%2Fcomments&post=580"}],"version-history":[{"count":17,"href":"https:\/\/haruka-yoshida.com\/index.php?rest_route=\/wp\/v2\/pages\/580\/revisions"}],"predecessor-version":[{"id":2431,"href":"https:\/\/haruka-yoshida.com\/index.php?rest_route=\/wp\/v2\/pages\/580\/revisions\/2431"}],"wp:attachment":[{"href":"https:\/\/haruka-yoshida.com\/index.php?rest_route=%2Fwp%2Fv2%2Fmedia&parent=580"}],"curies":[{"name":"wp","href":"https:\/\/api.w.org\/{rel}","templated":true}]}}